- 5/2*n**2 + 0 - 1/2*n**3. Give l(a).
-9
Let r(q) be the second derivative of q**4/12 - q**3/6 - 3*q**2 - 10*q. Give r(4).
6
Let a = 296 - 308. Let j(i) = i**2 + 13*i - 4. Determine j(a).
-16
Let b(o) = o**2 + 7*o + 7. Let t(k) = k**2 + 14*k + 9. Let a be t(-13). Let z be ((-2)/(-4))/(a/24). Let c be 30/z + (-6)/(-2). Determine b(c).
7
Let n(k) = -2*k**3 + 2*k**2 + 2*k + 1. Let l be n(-1). Suppose -z = -l + 1. Suppose z*a - 3*c = -10, a + 0*c = 5*c - 12. Let t(q) = -4*q**2 + q + 1. Give t(a).
-17
Let f = -861 - -857. Let z(q) = -q**2 - 7*q - 17. Give z(f).
-5
Let t(r) be the second derivative of r**4/12 + 5*r**3/3 + 7*r**2/2 + 19*r. Give t(-7).
-14
Let b = -17 - -20. Let v(a) = 4*a**3 + 5 - 17*a**2 + 21*a**2 - 3*a**b - 5*a. Let n be v(-5). Let p(o) = -o + 7. Determine p(n).
2
Let s(l) = l**3 - 13*l**2 + 13*l. Suppose 3*h + 2*c = 26, 9*c + 66 = 3*h + 3*c. Calculate s(h).
12
Suppose 0 = -3*u + 7*u - 2*t + 22, 5*t = -5. Let d(w) = -2*w**2 - 9*w - 3. Determine d(u).
-21
Let j(m) = m**2 + 3*m - 1. Suppose -5*u - 4*h + 42 = 0, -u = 3*h + 6 - 21. Suppose 3*y - u = -12. Determine j(y).
-3
Let t(h) = 9*h**2 - 14*h + 12. Let d(s) = -14*s**2 + 21*s - 18. Let f(a) = 5*d(a) + 8*t(a). Let x = 3736 + -3732. What is f(x)?
10
Let x(i) = -9*i**3 - 48*i**2 + 8*i + 10. Let t(w) = 17*w**3 + 88*w**2 - 15*w - 19. Let o(d) = -6*t(d) - 11*x(d). Calculate o(-2).
24
Let s(p) be the first derivative of -p**6/120 - 7*p**5/60 - p**3/3 - 5*p**2 - 6. Let w(r) be the second derivative of s(r). Calculate w(-7).
-2
Let w(h) = -2*h**2 - 4*h - 5. Let z(l) = -l**3 + 2*l**2 + 7*l - 3. Let s be z(0). Calculate w(s).
-11
Let z(p) = -5*p**3 + 0*p**3 - 218 + 4*p**3 + 8*p**2 + p + 213. What is z(8)?
3
Suppose 3*g - 2 = 4*j, 3*j + 10 = 3*g + 4. Let m be 3*-6*4/(-18). Let h(a) = -m + 0*a + 2*a - a. What is h(g)?
2
Suppose 2*m = -2*h - 0*m, 2*h = -3*m - 2. Let n(l) = h - 3 + 4*l + 0 + 2. Determine n(-1).
-3
Let q(t) = 2 + 8*t - 13 + 9. Let a be q(1). Let p(v) = -v + 12. Calculate p(a).
6
Let q(s) be the third derivative of s**6/120 - s**5/10 + s**4/6 - 3038*s**2. Let b(f) = -f**3 + 3*f**2 + 6*f - 4. Let t be b(4). What is q(t)?
-16
Let q be (-304)/(-30) - (-14)/(-105). Suppose 2 - q = -2*r. Let n(g) = g + r*g - 3*g. Give n(1).
2
Let k(x) = 11865*x**2 - 11855*x**2 + 3*x**3 + 4 - 2*x**3. What is k(-10)?
4
Let t = -139 + 132. Let n(o) = o**2 + 3*o. Give n(t).
28
Let j(b) = 75 - 81 - 11*b - 7*b**2 - 73*b**3 + 72*b**3. What is j(-4)?
-10
Suppose 0 = -12*v + 129 + 3. Let q(s) = -2*s + 8. Calculate q(v).
-14
Let g(l) = -l**2 - l - 1. Suppose 0 = -p - j - 5, 0*p + 20 = 4*p - 4*j. Suppose -t = -2*s + 2*t - 14, p = -4*s - 5*t + 16. What is g(s)?
-1
Let b(l) = -l - 4. Let z be ((-4)/3)/(((-8)/42)/(-2)). Give b(z).
10
Let p(r) be the third derivative of -r**6/120 - 7*r**5/30 - 13*r**4/24 + r**3/2 - 153*r**2. Calculate p(-13).
3
Let i(u) be the first derivative of -u**4/4 - 5*u**3 - 6*u**2 + 16*u + 363. Give i(-14).
-12
Let l(d) be the first derivative of 5*d**2/2 + 2*d + 60. Give l(3).
17
Let g(u) = 6*u**3 + 106 - 106 + u - 2*u**2. Determine g(1).
5
Let b(c) = -c**3 - c**2 - 5. Let q(k) = 33*k + 18. Let h be q(-4). Let f = h + 114. Calculate b(f).
-5
Let q(y) = y**3 + 5*y**2 - 4*y - 11. Let a be (-6)/12 - ((-35)/(-10) - -1). Determine q(a).
9
Let c(y) be the first derivative of 10*y**3/3 - y**2/2 + 2*y - 301. Give c(1).
11
Suppose -3*w - 21 = -5*v - 4*w, -2*w = -2*v + 18. Suppose b + 16*b - 126769 = 0. Let i(f) = 1 - 7456*f + 1 - 7 + b*f. Determine i(v).
0
Suppose w - 23 = -t - 18, 0 = 3*w - 5*t - 23. Let x(z) = -z**3 + 7*z**2 - 12*z + 1. Determine x(w).
-35
Let s(w) = -w**3 - 13*w**2 + 14*w + 5. Suppose -265*y = -263*y + 28. Calculate s(y).
5
Suppose -5*s + 3 - 8 = 0, 8 = 2*c + 2*s. Let p(w) be the third derivative of 1/12*w**4 - w**2 + 0*w**3 - 1/120*w**6 + 0 - 1/20*w**c + 0*w. Determine p(-4).
8
Let u(k) be the third derivative of -1/60*k**5 + 11/6*k**3 + 1/8*k**4 - 3*k**2 + 0*k + 0. Let s(l) = -l - 1. Let n(a) = 2*s(a) + u(a). What is n(0)?
9
Let r be (18/36)/((-1)/(-80)). Let l = r - 34. Let f(s) = s**2 - 6*s + 2. Calculate f(l).
2
Let f(d) be the third derivative of d**5/60 + d**4/24 + d**3/6 + 3*d**2. Suppose s + 3 = 0, -3*s = n + 2*n + 9. Give f(n).
1
Suppose -m + 2 = z + 12, 6 = -3*z + 5*m. Let q(h) = -2*h - 8. Give q(z).
6
Let f(i) = 2*i**3 + 12*i**2 - 2*i - 7. Let m be f(-6). Suppose -5*t + 2*q + 33 = 0, m*q + 3 = -t - 12. Let k(a) = a**3 - 4*a**2 - 6*a - 5. Give k(t).
-10
Let f(s) = 3*s**2 - 7*s. Let z be f(3). Suppose 15*k - z*k = -63. Let g(n) = -n - 3. What is g(k)?
4
Let r(u) = -8*u + 40. Let b be r(5). Let v(s) = b*s - s - 679 + 672. What is v(0)?
-7
Let j(p) be the third derivative of p**5/60 - p**4/12 - 13*p**3/6 - 19*p**2. Let z(y) be the first derivative of j(y). Determine z(-5).
-12
Suppose -t = -120 + 6. Let x(w) = -w - t + 54 + 71. Let l be 6/(0/(-2) - -1). What is x(l)?
5
Let c(r) = 32*r - 34*r**2 - 25*r + 18*r**2 + 17*r**2. Calculate c(-6).
-6
Let m(g) be the first derivative of 7*g**3/3 + g**2 - g - 106. Determine m(1).
8
Let p(u) = -u**2 + 14*u - 38. Let r be p(10). Let n(z) be the first derivative of -5 + 6*z + 1/2*z**r. What is n(-5)?
1
Let r(j) = -j**2 + 6*j + 2. Suppose 24 = 2*b + 92*i - 95*i, -b + 18 = -3*i. Determine r(b).
2
Let j(x) be the second derivative of x**8/6720 - x**7/630 + x**6/720 + x**5/30 - x**4/2 + 3*x. Let l(m) be the third derivative of j(m). Give l(4).
8
Let a(g) = g + 11. Let f(d) = -d**3 + 10*d**2 + 12*d - 9. Let n be f(11). Suppose -n*l = 5*j, 2*l - l = 2*j. Give a(j).
11
Suppose v + 9 = -2*v. Let q be 1 - (v + 6)/3. Let b(p) = 5*p - 13. Let c(n) = -6*n + 14. Let f(r) = 7*b(r) + 6*c(r). Determine f(q).
-7
Let b = -7511 + 7515. Let m(h) = -h**2 - 4*h + 3. Let p(o) = -o**2 + o - 1. Let f(r) = m(r) - 3*p(r). Calculate f(b).
10
Let g(k) = -k**3 + 5*k**2 - 2*k. Let j = 36 - 34. Suppose 3*v - 14 = 2*p, -v + j*p = -p - 7. What is g(v)?
8
Let o(m) = 83*m**2 - 5*m - 85*m**2 - 2*m**3 + 3*m - 1. What is o(-1)?
1
Let t(n) = -5 - n + 2 + 2. Let g(r) = -r - 9. Let a(w) = g(w) - 6*t(w). Let d(f) = f**3 - 12*f**2 + 13*f - 19. Let s be d(11). Determine a(s).
12
Let c(f) = 14*f**2 - 12*f + 69. Let p(d) = -3*d**2 + 3*d - 17. Let h(y) = 2*c(y) + 9*p(y). What is h(3)?
3
Let n(b) = -b**3 - 3*b**2 + 4*b - 18. Let c be n(-5). Let l(a) = -2*a + 20. Determine l(c).
-4
Suppose -5*o + 15 = -0*o. Let r(x) = -1 - x**2 + 0*x**2 - o*x - x**3 + 4*x + 2*x. Let a be 20/4 + 15/(-5). What is r(a)?
-7
Let f be 1 - 9*(-5)/(-3). Let c = 18 + f. Let w(t) be the first derivative of -t**2 + 5*t + 3. Calculate w(c).
-3
Let t(p) = 5*p**2 + p. Let o(a) = 31*a**2 + 5*a + 32. Let h(y) = -o(y) + 6*t(y). Give h(0).
-32
Let l(j) = -6*j + 17. Let m(d) = -2*d + 8. Let b(n) = 2*l(n) - 5*m(n). Determine b(11).
-28
Let j(h) = h**3 - 7*h**2 + 7*h - 9. Suppose 92 = -2*n + 3*y, 4*n + 2*y + 144 = -2*y. Let s be (-3)/(12/n) + -4. Calculate j(s).
-3
Let s(a) = -a**2 - 7*a - 8. Let i(q) = q**2 + q - 48. Let f be (-5 + 5)/(-2) + -7. Let z be i(f). Determine s(z).
-2
Suppose -5 = 4*l + 19. Let r be 3/(-6) + l/4. Let t(a) = -5*a - 2. Determine t(r).
8
Let a be (-4)/(-14) - (-9)/(-7). Let k = 4 - a. Let p(z) = z**2 - 3*z - 1. Determine p(k).
9
Let i = 440 - 433. Let c(v) = v**2. Calculate c(i).
49
Let o(g) = 10*g + g**2 + 16*g - 8 - 39*g + 17*g. Give o(-6).
4
Let f be (-1 + 0)/((-1)/5). Let u(v) = -f*v - 2 + 5 + 2*v**2 - v**2. Let g(k) = 3*k + 65. Let n be g(-20). Calculate u(n).
3
Let z(k) be the first derivative of -k**4/4 + 5*k**3/3 - k**2/2 - 2*k - 20. Calculate z(4).
10
Let d be ((-32)/(-20))/(-4*3/(-90)). Let u(i) = -d*i + 17*i - 1 - 12*i**2 - 7*i. Determine u(-1).
-11
Suppose 5*j = 3*n + 117, j + 3*n - 5 = -n. Let s be -3*(j/14 + 1/6). Let v(d) = -d**2 - 3*d + 4. What is v(s)?
-6
Let m = 43 - 37. Let v(n) be the first derivative of n**3/3 - 3*n**2 - n - 2. Determine v(m).
-1
Let j be 11*(3 + -1) + 3. Suppose -5*f = -0 - j. Let t(q) = q**2 - 10*q - 1. Let b(s) = -s - 1. Let y(o) = -4*b(o) + t(o). Determine y(f).
-2
Let w(t) be the first derivative of -t**4/4 - 2*t**3/3 + t**2/2 - 2*t - 28. Calculate w(-2).
-4
Let v(o) = -1 + 16*o**2 - 3*o**3 + 4 + 2*o**3 + o - 10*o**2. Let b = -3 + 9. Determine v(b).
9
Let n(u) = 12*u + 6. Suppose -5*d + 57 = 47. Let k(y) = y + 1. Let j(g) = d*n(g) - 22*k(g). Calculate